{"id":531,"date":"2026-01-22T19:05:13","date_gmt":"2026-01-22T18:05:13","guid":{"rendered":"https:\/\/w\u00fcrdevollleben.ch\/?page_id=531"},"modified":"2026-01-22T19:05:13","modified_gmt":"2026-01-22T18:05:13","slug":"wuerde-was-uns-stark-macht-als-einzelne-und-als-gesellschaft-5","status":"publish","type":"page","link":"https:\/\/xn--wrdevollleben-wob.ch\/?page_id=531","title":{"rendered":"Das Post-Covid Gesundheitsbuch"},"content":{"rendered":"\n<div class=\"wp-block-columns is-layout-flex wp-container-core-columns-is-layout-9d6595d7 wp-block-columns-is-layout-flex\">\n<div class=\"wp-block-column is-layout-flow wp-block-column-is-layout-flow\" style=\"flex-basis:33.33%\">\n<p><strong>Das Post-Covid-Gesundheitsbuch <\/strong>Ganzheitliche Hilfe bei Long-Covid, Post-Vac und chronischer Ersch\u00f6pfung<br>Von:<a href=\"https:\/\/staempflirecht.ch\/search?activeTab=products&amp;searchValue=Mergelsberg%20Jan\"><strong>Mergelsberg, Jan<\/strong><\/a><br> November 2024,\u00a0248 Seiten<br><a href=\"https:\/\/staempflirecht.ch\/reihe\/Reihe%20Aethera\"><strong>Aethera<\/strong><\/a>,\u00a0Deutsch<br>Urachhaus<br>978-3-8251-8024-9<\/p>\n\n\n\n<p><br><\/p>\n<\/div>\n\n\n\n<div class=\"wp-block-column is-layout-flow wp-block-column-is-layout-flow\" style=\"flex-basis:33.33%\">\n<p>Die Wartelisten f\u00fcr Termine in einer Post-Covid-Praxis sind lang, und dabei f\u00fchlen sich viele Menschen mit Long Covid, Post Vac oder Fatigue-Syndrom in ihrem Alltag so beeintr\u00e4chtigt, dass sie dringend Hilfe brauchen. Auf langj\u00e4hrigen Erfahrungen der Anthroposophischen Medizin bei Fatigue-Syndromen fu\u00dfend, bietet dieses Buch einen breiten \u00dcberblick \u00fcber die vielseitigen Methoden, mit denen sich auch von Long Covid und Post Vac Betroffene selbst helfen k\u00f6nnen. Ein spezielles Kapitel \u00fcber Erste Hilfe bei starken Ersch\u00f6pfungserscheinungen erm\u00f6glicht es auch in Extremsituationen, den Krankheitserscheinungen wirksam zu begegnen.<br><a href=\"https:\/\/www.urachhaus.de\/Kompetenz-in-Sinnfragen\/aethera\/Das-Post-Covid-Gesundheitsbuch.html\">https:\/\/www.urachhaus.de\/Kompetenz-in-Sinnfragen\/aethera\/Das-Post-Covid-Gesundheitsbuch.html<\/a><\/p>\n<\/div>\n\n\n\n<div class=\"wp-block-column is-layout-flow wp-block-column-is-layout-flow\" style=\"flex-basis:33.33%\">\n<figure class=\"wp-block-image size-full\"><img loading=\"lazy\" decoding=\"async\" width=\"445\" height=\"599\" src=\"https:\/\/w\u00fcrdevollleben.ch\/wp-content\/uploads\/2026\/01\/Das-post-Covid-Buch.jpg\" alt=\"\" class=\"wp-image-486\" srcset=\"https:\/\/xn--wrdevollleben-wob.ch\/wp-content\/uploads\/2026\/01\/Das-post-Covid-Buch.jpg 445w, https:\/\/xn--wrdevollleben-wob.ch\/wp-content\/uploads\/2026\/01\/Das-post-Covid-Buch-223x300.jpg 223w\" sizes=\"auto, (max-width: 445px) 100vw, 445px\" \/><\/figure>\n<\/div>\n<\/div>\n","protected":false},"excerpt":{"rendered":"<p>Das Post-Covid-Gesundheitsbuch Ganzheitliche Hilfe bei Long-Covid, Post-Vac und chronischer Ersch\u00f6pfungVon:Mergelsberg, Jan November 2024,\u00a0248 SeitenAethera,\u00a0DeutschUrachhaus978-3-8251-8024-9 Die Wartelisten f\u00fcr Termine in einer Post-Covid-Praxis sind lang, und dabei f\u00fchlen sich viele Menschen mit Long Covid, Post Vac oder Fatigue-Syndrom in ihrem Alltag so beeintr\u00e4chtigt, dass sie dringend Hilfe brauchen. Auf langj\u00e4hrigen Erfahrungen der Anthroposophischen Medizin bei Fatigue-Syndromen fu\u00dfend, [&hellip;]<\/p>\n","protected":false},"author":1,"featured_media":0,"parent":0,"menu_order":0,"comment_status":"closed","ping_status":"closed","template":"","meta":{"ocean_post_layout":"","ocean_both_sidebars_style":"","ocean_both_sidebars_content_width":0,"ocean_both_sidebars_sidebars_width":0,"ocean_sidebar":"","ocean_second_sidebar":"","ocean_disable_margins":"enable","ocean_add_body_class":"","ocean_shortcode_before_top_bar":"","ocean_shortcode_after_top_bar":"","ocean_shortcode_before_header":"","ocean_shortcode_after_header":"","ocean_has_shortcode":"","ocean_shortcode_after_title":"","ocean_shortcode_before_footer_widgets":"","ocean_shortcode_after_footer_widgets":"","ocean_shortcode_before_footer_bottom":"","ocean_shortcode_after_footer_bottom":"","ocean_display_top_bar":"default","ocean_display_header":"default","ocean_header_style":"","ocean_center_header_left_menu":"","ocean_custom_header_template":"","ocean_custom_logo":0,"ocean_custom_retina_logo":0,"ocean_custom_logo_max_width":0,"ocean_custom_logo_tablet_max_width":0,"ocean_custom_logo_mobile_max_width":0,"ocean_custom_logo_max_height":0,"ocean_custom_logo_tablet_max_height":0,"ocean_custom_logo_mobile_max_height":0,"ocean_header_custom_menu":"","ocean_menu_typo_font_family":"","ocean_menu_typo_font_subset":"","ocean_menu_typo_font_size":0,"ocean_menu_typo_font_size_tablet":0,"ocean_menu_typo_font_size_mobile":0,"ocean_menu_typo_font_size_unit":"px","ocean_menu_typo_font_weight":"","ocean_menu_typo_font_weight_tablet":"","ocean_menu_typo_font_weight_mobile":"","ocean_menu_typo_transform":"","ocean_menu_typo_transform_tablet":"","ocean_menu_typo_transform_mobile":"","ocean_menu_typo_line_height":0,"ocean_menu_typo_line_height_tablet":0,"ocean_menu_typo_line_height_mobile":0,"ocean_menu_typo_line_height_unit":"","ocean_menu_typo_spacing":0,"ocean_menu_typo_spacing_tablet":0,"ocean_menu_typo_spacing_mobile":0,"ocean_menu_typo_spacing_unit":"","ocean_menu_link_color":"","ocean_menu_link_color_hover":"","ocean_menu_link_color_active":"","ocean_menu_link_background":"","ocean_menu_link_hover_background":"","ocean_menu_link_active_background":"","ocean_menu_social_links_bg":"","ocean_menu_social_hover_links_bg":"","ocean_menu_social_links_color":"","ocean_menu_social_hover_links_color":"","ocean_disable_title":"default","ocean_disable_heading":"default","ocean_post_title":"","ocean_post_subheading":"","ocean_post_title_style":"","ocean_post_title_background_color":"","ocean_post_title_background":0,"ocean_post_title_bg_image_position":"","ocean_post_title_bg_image_attachment":"","ocean_post_title_bg_image_repeat":"","ocean_post_title_bg_image_size":"","ocean_post_title_height":0,"ocean_post_title_bg_overlay":0.5,"ocean_post_title_bg_overlay_color":"","ocean_disable_breadcrumbs":"default","ocean_breadcrumbs_color":"","ocean_breadcrumbs_separator_color":"","ocean_breadcrumbs_links_color":"","ocean_breadcrumbs_links_hover_color":"","ocean_display_footer_widgets":"default","ocean_display_footer_bottom":"default","ocean_custom_footer_template":"","footnotes":""},"class_list":["post-531","page","type-page","status-publish","hentry","entry","owp-thumbs-layout-horizontal","owp-btn-normal","owp-tabs-layout-horizontal","has-no-thumbnails","has-product-nav"],"_links":{"self":[{"href":"https:\/\/xn--wrdevollleben-wob.ch\/index.php?rest_route=\/wp\/v2\/pages\/531","targetHints":{"allow":["GET"]}}],"collection":[{"href":"https:\/\/xn--wrdevollleben-wob.ch\/index.php?rest_route=\/wp\/v2\/pages"}],"about":[{"href":"https:\/\/xn--wrdevollleben-wob.ch\/index.php?rest_route=\/wp\/v2\/types\/page"}],"author":[{"embeddable":true,"href":"https:\/\/xn--wrdevollleben-wob.ch\/index.php?rest_route=\/wp\/v2\/users\/1"}],"replies":[{"embeddable":true,"href":"https:\/\/xn--wrdevollleben-wob.ch\/index.php?rest_route=%2Fwp%2Fv2%2Fcomments&post=531"}],"version-history":[{"count":1,"href":"https:\/\/xn--wrdevollleben-wob.ch\/index.php?rest_route=\/wp\/v2\/pages\/531\/revisions"}],"predecessor-version":[{"id":532,"href":"https:\/\/xn--wrdevollleben-wob.ch\/index.php?rest_route=\/wp\/v2\/pages\/531\/revisions\/532"}],"wp:attachment":[{"href":"https:\/\/xn--wrdevollleben-wob.ch\/index.php?rest_route=%2Fwp%2Fv2%2Fmedia&parent=531"}],"curies":[{"name":"wp","href":"https:\/\/api.w.org\/{rel}","templated":true}]}}